
-3
15 (base 8) to base 10
13
What is 1 (base 8) in base 7?
1
Convert 220 (base 3) to base 11.
22
Convert -1401 (base 5) to base 2.
-11100010
-220 (base 5) to base 7
-114
Convert -139 (base 10) to base 6.
-351
-6 (base 10) to base 5
-11
What is 2a (base 16) in base 15?
2c
aa (base 15) to base 16
a0
Convert 125 (base 7) to base 4.
1010
Convert 3 (base 8) to base 15.
3
7 (base 9) to base 13
7
-241 (base 10) to base 15
-111
-1 (base 12) to base 2
-1
What is 6 (base 7) in base 15?
6
What is -42 (base 14) in base 9?
-64
What is -44 (base 12) in base 16?
-34
What is -b (base 14) in base 4?
-23
-1a (base 16) to base 12
-22
Convert 1 (base 14) to base 4.
1
Convert -8 (base 14) to base 16.
-8
Convert 1 (base 14) to base 16.
1
-dc (base 14) to base 13
-11c
What is -15 (base 9) in base 10?
-14
What is -44 (base 9) in base 11?
-37
-4 (base 6) to base 8
-4
What is f (base 16) in base 13?
12
Convert 1 (base 13) to base 12.
1
-5 (base 14) to base 3
-12
What is -3 (base 7) in base 12?
-3
Convert 1 (base 3) to base 2.
1
What is 5 (base 16) in base 4?
11
7 (base 9) to base 2
111
What is -17 (base 16) in base 12?
-1b
Convert 97 (base 14) to base 13.
a3
What is -38 (base 11) in base 4?
-221
Convert 1301 (base 4) to base 12.
95
What is 6 (base 15) in base 3?
20
200 (base 3) to base 5
33
2 (base 12) to base 5
2
Convert -141 (base 5) to base 3.
-1201
Convert -100 (base 6) to base 7.
-51
Convert -5 (base 10) to base 4.
-11
What is -17d (base 15) in base 13?
-205
What is -41 (base 5) in base 11?
-1a
What is -5 (base 13) in base 16?
-5
Convert 113 (base 10) to base 16.
71
10010 (base 2) to base 4
102
Convert -2 (base 3) to base 15.
-2
Convert 25a (base 12) to base 15.
18d
-12 (base 3) to base 14
-5
Convert 4 (base 12) to base 16.
4
Convert 1032 (base 4) to base 15.
53
-11 (base 4) to base 11
-5
What is 4 (base 15) in base 6?
4
What is 7a (base 16) in base 5?
442
What is -5 (base 13) in base 16?
-5
Convert 123 (base 5) to base 10.
38
What is 111120 (base 3) in base 6?
1410
What is -5 (base 11) in base 12?
-5
100011 (base 2) to base 6
55
What is 24 (base 8) in base 15?
15
What is 14 (base 7) in base 12?
b
What is -21 (base 5) in base 13?
-b
What is -22 (base 15) in base 3?
-1012
What is -2 (base 9) in base 12?
-2
45 (base 6) to base 8
35
What is 122 (base 13) in base 14?
101
What is -2 (base 9) in base 4?
-2
What is 1001101 (base 2) in base 8?
115
What is 1 (base 11) in base 9?
1
What is 1 (base 8) in base 6?
1
What is 28 (base 14) in base 4?
210
Convert -36 (base 15) to base 2.
-110011
What is 11 (base 11) in base 16?
c
What is -131 (base 8) in base 12?
-75
Convert 13 (base 6) to base 15.
9
-11 (base 7) to base 9
-8
Convert 3 (base 4) to base 2.
11
What is -1 (base 5) in base 6?
-1
What is 84 (base 9) in base 11?
6a
11 (base 5) to base 15
6
-13 (base 9) to base 8
-14
What is 91 (base 11) in base 15?
6a
71 (base 8) to base 15
3c
What is -1 (base 12) in base 5?
-1
Convert 11 (base 3) to base 12.
4
What is -3 (base 16) in base 12?
-3
-8 (base 16) to base 11
-8
Convert -1202 (base 4) to base 9.
-118
What is -1 (base 2) in base 15?
-1
What is -5 (base 12) in base 7?
-5
What is 20 (base 6) in base 8?
14
What is -31 (base 8) in base 3?
-221
Convert -50 (base 14) to base 6.
-154
What is -2200 (base 3) in base 6?
-200
-9 (base 16) to base 14
-9
What is -2 (base 9) in base 6?
-2
What is 551 (base 8) in base 2?
101101001
What is 2 (base 9) in base 8?
2
What is 76 (base 11) in base 7?
146
-15 (base 10) to base 2
-1111
What is -2 (base 12) in base 15?
-2
41 (base 5) to base 9
23
What is 4 (base 13) in base 3?
11
What is 3 (base 4) in base 11?
3
Convert 14 (base 5) to base 4.
21
Convert -200 (base 13) to base 7.
-662
What is -1 (base 2) in base 13?
-1
Convert 11 (base 10) to base 6.
15
-3 (base 14) to base 11
-3
40 (base 7) to base 4
130
Convert 2 (base 3) to base 6.
2
-110000 (base 2) to base 4
-300
What is 0 (base 7) in base 8?
0
Convert 4c (base 14) to base 9.
75
Convert -10 (base 8) to base 3.
-22
Convert -4 (base 8) to base 4.
-10
Convert 110101 (base 2) to base 16.
35
100 (base 2) to base 13
4
Convert 4 (base 9) to base 3.
11
What is 88 (base 15) in base 8?
200
-37 (base 12) to base 14
-31
What is -2 (base 15) in base 12?
-2
What is 115 (base 15) in base 8?
365
-21 (base 3) to base 13
-7
Convert 11 (base 3) to base 11.
4
-b1 (base 13) to base 10
-144
What is -1 (base 10) in base 5?
-1
118 (base 9) to base 2
1100010
Convert 2 (base 8) to base 11.
2
2 (base 10) to base 3
2
Convert 100 (base 2) to base 3.
11
Convert -29 (base 10) to base 12.
-25
Convert -50 (base 16) to base 5.
-310
Convert -3 (base 9) to base 11.
-3
What is 2 (base 8) in base 5?
2
Convert 12 (base 10) to base 9.
13
What is 5 (base 14) in base 15?
5
What is -15 (base 7) in base 16?
-c
100011 (base 2) to base 3
1022
What is 4 (base 6) in base 12?
4
What is 411 (base 6) in base 2?
10010111
What is -5 (base 6) in base 3?
-12
Convert 344 (base 9) to base 7.
553
Convert 2 (base 9) to base 8.
2
Convert -11 (base 5) to base 4.
-12
What is 1a (base 14) in base 4?
120
Convert -d2 (base 14) to base 2.
-10111000
What is a8 (base 12) in base 6?
332
Convert -54 (base 6) to base 12.
-2a
10 (base 3) to base 14
3
-3 (base 16) to base 8
-3
111101 (base 2) to base 4
331
102102 (base 3) to base 2
100110100
-47 (base 14) to base 7
-120
Convert 33 (base 14) to base 11.
41
Convert -450 (base 6) to base 7.
-336
What is 7 (base 12) in base 11?
7
Convert 1 (base 9) to base 16.
1
What is -1 (base 10) in base 5?
-1
-2 (base 12) to base 2
-10
What is 0 (base 2) in base 16?
0
What is 10100 (base 2) in base 5?
40
Convert 101111 (base 2) to base 5.
142
11 (base 2) to base 5
3
What is 9 (base 11) in base 5?
14
What is -56 (base 12) in base 6?
-150
What is -c (base 15) in base 4?
-30
-122 (base 3) to base 5
-32
Convert -16 (base 7) to base 10.
-13
What is 1 (base 16) in base 15?
1
-3233 (base 4) to base 3
-22212
What is -21 (base 7) in base 4?
-33
120 (base 3) to base 15
10
What is -180 (base 10) in base 4?
-2310
Convert 1 (base 4) to base 11.
1
Convert 108 (base 11) to base 9.
153
22 (base 5) to base 8
14
What is 2 (base 15) in base 8?
2
What is -1 (base 3) in base 14?
-1
4 (base 11) to base 7
4
150 (base 8) to base 2
1101000
Convert 10 (base 3) to base 11.
3
What is -23 (base 13) in base 6?
-45
3213 (base 4) to base 10
231
What is -187 (base 11) in base 10?
-216
Convert 125 (base 8) to base 15.
5a
-133 (base 13) to base 6
-551
What is -2 (base 16) in base 8?
-2
Convert 3 (base 8) to base 15.
3
What is 0 (base 9) in base 12?
0
Convert 46 (base 11) to base 13.
3b
15 (base 10) to base 8
17
Convert -12 (base 3) to base 4.
-11
Convert -100 (base 9) to base 15.
-56
What is -100 (base 3) in base 2?
-1001
Convert 44 (base 8) to base 7.
51
What is -22 (base 12) in base 2?
-11010
What is -135 (base 6) in base 15?
-3e
5 (base 9) to base 14
5
Convert -1111 (base 2) to base 3.
-120
Convert -10001010 (base 2) to base 8.
-212
Convert -23 (base 6) to base 4.
-33
-24 (base 11) to base 9
-28
Convert -23 (base 5) to base 8.
-15
Convert 31 (base 13) to base 11.
37
Convert -22 (base 6) to base 14.
-10
What is -1011 (base 4) in base 7?
-126
What is -3 (base 7) in base 9?
-3
-360 (base 8) to base 15
-110
Convert 10 (base 5) to base 6.
5
16 (base 9) to base 15
10
29 (base 10) to base 14
21
Convert -52 (base 8) to base 4.
-222
Convert -1 (base 9) to base 14.
-1
Convert -1 (base 10) to base 16.
-1
What is 20 (base 4) in base 14?
8
Convert -e (base 15) to base 2.
-1110
What is 14 (base 10) in base 15?
e
What is -6 (base 10) in base 14?
-6
What is 11010010 (base 2) in base 11?
181
What is -164 (base 7) in base 10?
-95
What is 32 (base 10) in base 14?
24
Convert -2 (base 15) to base 16.
-2
What is 13b (base 12) in base 2?
10111111
Convert -40 (base 7) to base 6.
-44
6 (base 15) to base 16
6
What is -11 (base 4) in base 12?
-5
-17 (base 10) to base 5
-32
What is 56 (base 7) in base 13?
32
What is 10 (base 2) in base 4?
2
What is -4 (base 7) in base 8?
-4
-b0 (base 14) to base 11
-130
-5a (base 15) to base 4
-1111
What is -9d (base 14) in base 15?
-94
What is -210 (base 3) in base 14?
-17
Convert -4 (base 7) to base 8.
-4
Convert -52 (base 16) to base 15.
-57
113 (base 14) to base 12
159
Convert 17 (base 13) to base 16.
14
Convert 1 (base 4) to base 5.
1
22 (base 7) to 